s divided by j?
20
Suppose d = -3*d + 3*z, -27 = -5*d - 3*z. Calculate the remainder when ((-14)/6)/((-6)/18) is divided by d.
1
Suppose -2*m = -4*a - 12, -3*m - 4*a + 27 = -a. Let u = 19 + -5. Let z = u - m. Calculate the remainder when z is divided by 3.
0
Suppose -4*j = 8, 2*j - 7*j - 18 = -4*n. What is the remainder when 85 is divided by (n/4)/(5/110)?
8
Suppose 7*s + 117 = 10*s. Let w = s + -19. Calculate the remainder when 53 is divided by w.
13
Suppose 35*s - 31*s - 20 = 0. Suppose 2*k + 2 = 0, -k = -s*m + 332 + 154. What is the remainder when m is divided by 33?
31
Suppose -23 + 18 = 5*f. Let q be (f - -7) + -4 - 0. Suppose 0 = 2*n + q*n - 24. Calculate the remainder when 17 is divided by n.
5
Let w(g) = g**2 - 13*g + 30. Calculate the remainder when w(14) is divided by 2.
0
Let x = 133 + -81. Suppose 0 = -4*j + 6*j - x. What is the remainder when 129 is divided by j?
25
Let v(q) = -q**3 - 19*q**2 - 23*q - 41. Calculate the remainder when v(-18) is divided by 32.
17
Suppose 5*i - 4 = 6. Suppose i = -4*u + 14. Suppose 7*m - 355 = 2*m + 5*b, -u*m + 219 = 3*b. Calculate the remainder when m is divided by 25.
22
Let s(l) = 13*l - 111. Calculate the remainder when 223 is divided by s(12).
43
Let g(f) = 4*f**2 - 33*f + 146. Calculate the remainder when g(12) is divided by 65.
1
Let w be (-2948)/(-5) - (-22)/55. Suppose 3*h - 13*h + w = 0. What is the remainder when h is divided by 30?
29
Let n = -751 + 758. What is the remainder when 40 is divided by n?
5
Suppose 3*k - 6*k + 27 = 0. Let d(l) = -2*l**3 - 3*l**2 - l - 2. Let y be d(-2). Let o = 1 + y. What is the remainder when k is divided by o?
4
Suppose 4*p + 0*p = 16. Suppose 2*v - 3*v - 12 = o, o = 5*v - 24. What is the remainder when (4 - 3)/((-2)/o) is divided by p?
3
Let q(o) = -4*o + 182. Calculate the remainder when q(4) is divided by 22.
12
Let g = 57 + -38. What is the remainder when g is divided by 8?
3
Suppose 4*m = 63 + 1. What is the remainder when 171 is divided by m?
11
Let k = 15 + -8. Suppose 27 = 5*t - h + k, -3*h - 18 = -t. Suppose -t*p + 6*p = 63. Calculate the remainder when 60 is divided by p.
18
Let l be -206*1/(10/(-35)). Suppose -4*o - 3*o = -l. Suppose 249 = 4*d - 2*s + o, -3*s = -5*d + 185. What is the remainder when d is divided by 9?
7
Suppose -31*y + 30 = -30*y. Let z = y - 11. Calculate the remainder when z is divided by 7.
5
Suppose 41 = -i - 3*f, -94 = -0*i + 2*i + 2*f. Let a = -33 - i. Let w(u) = -5*u + 92. What is the remainder when w(9) is divided by a?
13
Let h(m) = -6*m + 86. Let j be h(0). Let g = -76 + j. Calculate the remainder when g is divided by 7.
3
Suppose -2*w = -12 - 18. Let u(c) = c + 6. Let i = 38 - 40. What is the remainder when w is divided by u(i)?
3
Suppose i = -r - 6 + 22, -3*r = -3*i - 72. Calculate the remainder when r is divided by 13.
7
Suppose -645 = -9*n - 34*n. Calculate the remainder when 72 is divided by n.
12
Let f(g) = g**2 - 4. Let v be f(3). Let n(d) = -d**3 + 4*d**2 + 11*d - 5. Let a(c) = 8*c. Calculate the remainder when a(6) is divided by n(v).
23
Suppose -2*j + 22 = -0*j. Let i = 2 + j. What is the remainder when i is divided by (-45)/18 + 38/4?
6
Let b = -379 - -735. Suppose -g = g - b. What is the remainder when g is divided by 30?
28
Suppose 23*q + 9200 = 63*q. Calculate the remainder when q is divided by 47.
42
Suppose 2*l + 60 = -3*l. Let p = 19 + l. What is the remainder when 16 is divided by p?
2
Let f(g) = -g - 8. Let k be f(-6). Calculate the remainder when (-55)/1*k/5 is divided by (-15)/12 + (-627)/(-44).
9
Let a = -33 - -55. Suppose -5*j + 158 = -267. What is the remainder when j is divided by a?
19
Suppose 5 = z, -z + 40 = 3*g + 4*z. Suppose -g*q = -89 - 176. Calculate the remainder when 210 is divided by q.
51
Let k(b) = -240 + 248 - 7*b - 4*b + b**2. What is the remainder when 79 is divided by k(12)?
19
Suppose -8*l = m - 6*l - 22, l + 39 = 2*m. What is the remainder when m is divided by 11?
9
Let t(m) = m**2 + 4*m - 6*m - 4 - 1 - m**3 - 1. Let j be t(-4). Suppose 4*d - 39 = -c, j = 2*c - 3*d + 15. Calculate the remainder when c is divided by 19.
16
Let z = 1230 + -153. Calculate the remainder when z is divided by 15.
12
What is the remainder when 115 is divided by ((2 + 2)/4)/((-8)/(-232))?
28
Suppose 0 = -28*l + 27*l + 24. Let k = l - -8. Calculate the remainder when 126 is divided by k.
30
Calculate the remainder when 15/(4 + -2 + 1/(-1)) is divided by 10.
5
Suppose -h + 3*o = -12, o + 9 + 1 = h. Let c(w) = 102*w**2 + 6*w. Let m be c(2). Suppose 52*a = 46*a + m. Calculate the remainder when a is divided by h.
7
Let p(x) = x**3 - x**2 - 25*x - 5. Let r(o) = o**3 + 9*o**2 - 13*o - 19. What is the remainder when r(-8) is divided by p(6)?
24
Suppose -3*s = 15, 5*t - 6 = -s + 4. Calculate the remainder when 299 is divided by t.
2
Let a = -8 - -11. Let t = 6 - a. Suppose t*r + 6 = 4*r. What is the remainder when 15 is divided by r?
3
Let z(q) = 2*q**2 - 2*q + 5. Let r be z(5). Let d = 77 - r. What is the remainder when 125 is divided by d?
29
Suppose 3*n - j - 1 = -0*j, -j + 15 = 5*n. Suppose 4*i + n*i = 78. Calculate the remainder when i is divided by 4.
1
Let p(m) = -17*m - 4. Let v be p(-4). Let b = v - 55. Let g(q) = -3*q**3 + 2*q**2 + q. What is the remainder when b is divided by g(-1)?
1
Let f(x) = x**2 + 11*x + 46. Calculate the remainder when f(-16) is divided by 19.
12
Suppose 223 = 11*n + 80. Suppose 5*k = 3*t + 117 + 193, 2*t - 248 = -4*k. Calculate the remainder when k is divided by n.
10
Calculate the remainder when (-4)/8*(-9 - 169) is divided by 33.
23
Let j(t) = 6*t**2 - 4*t - 1. Let g(r) = -9*r. Suppose 2 = k, 2*m + k - 17 = 7*m. Calculate the remainder when j(4) is divided by g(m).
25
Let n be 20 + (-3 - 9)/3. Let w = -12 + n. What is the remainder when 22 is divided by w?
2
Let f(b) = 3*b + 12. What is the remainder when f(27) is divided by (-2)/4*(-1 + -63)?
29
Let v = -48 - -104. Let s = 102 - v. Calculate the remainder when 133 is divided by s.
41
Suppose 2*b + 99 - 452 = 3*y, -517 = -3*b + 2*y. Calculate the remainder when b is divided by 34.
33
Let l(w) = -w**2 + 42*w + 67. What is the remainder when l(39) is divided by 52?
28
Let s = -382 + 416. Calculate the remainder when 200 is divided by s.
30
Suppose 0 = 2*q + 3*q - 195. Let k(o) = -o**3 - 6*o**2 + 4*o - 7. Let z be (28/8)/((-2)/4). What is the remainder when q is divided by k(z)?
11
Calculate the remainder when -23 - -23 - (-1377)/3 is divided by 42.
39
Let q = 2046 + -2007. What is the remainder when 110 is divided by q?
32
Suppose 1 = x, 3*u - x = -u + 175. Let j(c) = -8*c**2 + 217*c - 19. What is the remainder when u is divided by j(27)?
4
What is the remainder when 31 is divided by 7 - 4*2*50/100?
1
Suppose 5*b + 3 = -2*l + 11, 5*b = 5*l - 55. Suppose -9*z + 13*z = 104. What is the remainder when z is divided by l?
8
Let f = 1079 - 1015. Calculate the remainder when 701 is divided by f.
61
Let q = -63 + 109. Suppose 2*u - 3*d = -d + q, -3*u + 75 = 3*d. Calculate the remainder when 49 - (3 + (-1)/1) is divided by u.
23
Let h = 2 - -8. Let r = -35 + -24. Let t = r - -86. Calculate the remainder when t is divided by h.
7
Suppose -74*x = -948 + 134. Let c(v) = -v + 5. Let l be c(3). Let m = 5 - l. What is the remainder when x is divided by m?
2
Calculate the remainder when ((-152)/380)/(2/(-320)) is divided by 17.
13
Suppose 5*f = 2*f - j + 106, j = 4. Let p = -124 - -133. Calculate the remainder when f is divided by p.
7
Let p = 1153 - 820. Let g(u) = 28*u**3 - u**2 + u. What is the remainder when p is divided by g(1)?
25
Let p(m) = 9 + 15*m**2 + 0*m**3 + m**3 - 3 + 12*m. Let d be p(-14). Let c = d - 11. Calculate the remainder when 43 is divided by c.
20
Let x be (-3 - 1)*(-3)/6. Suppose x*r + r - 147 = 0. Suppose 0 = 202*f - 193*f - 153. What is the remainder when r is divided by f?
15
Calculate the remainder when 134 is divided by -11 + 47 + (3 - 9/3).
26
Suppose -38*h + 4*h = -28050. Calculate the remainder when h is divided by 92.
89
Let w(z) = -14*z - 1. Let p be w(2). Let g = 43 + p. Let s = 18053 + -17999. Calculate the remainder when s is divided by g.
12
Let j be (-24)/(-14) + 4/14. Let m(t) = 4 + 0 - 5*t**j - 2 + t**3 - 2*t**3. What is the remainder when m(-5) is divided by 2?
0
Let k = 2266 + -2228. Calculate 